ue
Is 118705609 a composite number?
True
Is 38932651 prime?
True
Is 1297687 prime?
True
Is 16810477 prime?
True
Is 2126167 composite?
False
Is 951369 composite?
True
Is 12085139 composite?
True
Is 100412437 prime?
True
Is 8892737 composite?
True
Is 30205139 a prime number?
True
Is 137967061 composite?
False
Is 1545800029 prime?
True
Is 218509 prime?
True
Is 827061073 composite?
False
Is 148543471 composite?
True
Is 209253337 composite?
False
Is 125938 a prime number?
False
Is 50513887 prime?
True
Is 289691191 a prime number?
False
Is 6000311 prime?
False
Is 1353983 composite?
False
Is 344467 a composite number?
True
Is 195427 a composite number?
False
Is 23704537 composite?
True
Is 2652473 composite?
False
Is 101405959 a composite number?
True
Is 1310711 a composite number?
True
Is 1484617 a composite number?
True
Is 88741789 composite?
True
Is 400274627 a composite number?
False
Is 32741117 a composite number?
False
Is 26339 a prime number?
True
Is 179478307 a prime number?
False
Is 4265423 a composite number?
True
Is 99114479 a composite number?
False
Is 10166263 a composite number?
False
Is 22009615 a prime number?
False
Is 509398 prime?
False
Is 1163812577 a prime number?
True
Is 84876163 prime?
False
Is 2488503 prime?
False
Is 13130547 a prime number?
False
Is 191054533 a composite number?
False
Is 3496151 composite?
False
Is 51489077 prime?
False
Is 152959 prime?
True
Is 34299347 composite?
True
Is 251939 a prime number?
True
Is 8187691 composite?
False
Is 41515681 a prime number?
True
Is 11461501 a composite number?
False
Is 79299301 prime?
True
Is 60227003 a prime number?
True
Is 3919103 a composite number?
True
Is 6338953 a composite number?
False
Is 103633301 a prime number?
True
Is 12837563 a composite number?
False
Is 501061297 prime?
False
Is 348959237 prime?
False
Is 19867901 composite?
True
Is 223297 a composite number?
True
Is 1143866 composite?
True
Is 96334177 composite?
True
Is 11269757 a composite number?
True
Is 15337937 prime?
True
Is 391146589 prime?
True
Is 1505723 prime?
True
Is 194887361 prime?
True
Is 2748297 a prime number?
False
Is 50025777 prime?
False
Is 16107613 a prime number?
False
Is 158367343 a composite number?
False
Is 54635653 prime?
True
Is 350383927 composite?
False
Is 394453 a prime number?
True
Is 9616111 composite?
False
Is 13968503 a prime number?
True
Is 584479823 prime?
False
Is 19453529 a prime number?
True
Is 2884367 a prime number?
True
Is 13736769 a prime number?
False
Is 347589883 a composite number?
True
Is 7927703 prime?
False
Is 5992501 a prime number?
True
Is 13357673 composite?
True
Is 2516911 composite?
True
Is 1776959787 a composite number?
True
Is 5572687 composite?
False
Is 264779 composite?
False
Is 14479061 prime?
True
Is 26564347 composite?
False
Is 861637 a composite number?
True
Is 2137901 a prime number?
False
Is 2599931 prime?
True
Is 950801 a prime number?
False
Is 51281189 composite?
False
Is 43171811 composite?
True
Is 257693465 prime?
False
Is 18763399 prime?
True
Is 1992713 a prime number?
True
Is 1955582 prime?
False
Is 7953613 a prime number?
False
Is 496073 a prime number?
True
Is 4206179 a prime number?
True
Is 229270117 a prime number?
True
Is 24836957 a prime number?
False
Is 131478761 a composite number?
True
Is 8220539 prime?
False
Is 2962255 composite?
True
Is 8306951 a prime number?
True
Is 1443163 a prime number?
False
Is 29054803 a composite number?
True
Is 4131707 composite?
False
Is 454483 a composite number?
False
Is 8660177 a prime number?
True
Is 13246133 prime?
True
Is 3381247 a composite number?
True
Is 8637815 a prime number?
False
Is 68040263 a prime number?
False
Is 11778146 a composite number?
True
Is 736622573 a composite number?
False
Is 3964823 a composite number?
True
Is 1170641 a prime number?
True
Is 3979163 composite?
False
Is 58200067 a prime number?
True
Is 93168883 prime?
False
Is 4467347 a prime number?
True
Is 15761411 composite?
False
Is 2825227 prime?
True
Is 170919121 a prime number?
True
Is 3915101 a prime number?
True
Is 17715889 a prime number?
True
Is 105194723 a prime number?
True
Is 8844791 a composite number?
True
Is 347897 a prime number?
False
Is 12359363 a prime number?
True
Is 25749209 prime?
True
Is 19334671 composite?
False
Is 34830703 composite?
False
Is 470579 composite?
False
Is 13164329 composite?
False
Is 10334609 prime?
True
Is 551677649 a prime number?
False
Is 2537647 prime?
False
Is 17819411 a prime number?
False
Is 16663837 prime?
False
Is 480219 composite?
True
Is 181537 composite?
False
Is 7979663 composite?
False
Is 4479311 prime?
False
Is 4122779 composite?
False
Is 193077151 prime?
True
Is 206382229 prime?
False
Is 374953 a prime number?
True
Is 26181433 composite?
True
Is 5527513 composite?
True
Is 44798777 a prime number?
True
Is 64183817 a composite number?
True
Is 6541729 composite?
True
Is 419624021 composite?
False
Is 3324619 prime?
True
Is 5965247 composite?
False
Is 70223 prime?
True
Is 504983 composite?
False
Is 7586849 a prime number?
False
Is 3806261 composite?
True
Is 7539253 composite?
False
Is 3345941 a composite number?
False
Is 130453321 prime?
True
Is 248688431 composite?
False
Is 89440943 prime?
True
Is 18843731 prime?
True
Is 318907 a composite number?
False
Is 1182613 composite?
True
Is 1123867 a composite number?
False
Is 9929833 prime?
True
Is 84923 prime?
False
Is 5716553 a prime number?
True
Is 9288857 a prime number?
True
Is 767569 composite?
True
Is 2384183 prime?
True
Is 342541295 composite?
True
Is 343925053 a composite number?
False
Is 8262719 composite?
False
Is 20539091 prime?
True
Is 14612887 a prime number?
False
Is 129453515 a composite number?
True
Is 18967519 composite?
False
Is 906131 a composite number?
True
Is 1081367071 a prime number?
True
Is 480707 a composite number?
False
Is 38012957 a prime number?
True
Is 8552087 a composite number?
True
Is 1567213 prime?
False
Is 2732671 composite?
False
Is 409697 prime?
False
Is 2220749 prime?
True
Is 55244743 a composite number?
True
Is 335430233 a prime number?
True
Is 5358091 a composite number?
True
Is 525257 prime?
True
Is 37736203 a prime number?
False
Is 6544607 prime?
False
Is 3980705 a prime number?
False
Is 15292229 a prime number?
True
Is 21100597 prime?
False
Is 59613689 a composite number?
False
Is 5380937 a composite number?
False
Is 8820005 a prime number?
False
Is 623789 a composite number?
True
Is 132002357 prime?
True
Is 447418379 composite?
True
Is 5875507 composite?
True
Is 21922837 a prime number?
True
Is 1815799 a prime number?
True
Is 1666237 a composite number?
False
Is 34792671 a prime number?
False
Is 22701653 a prime number?
False
Is 27474071 a composite number?
True
Is 4176787 a composite number?
True
Is 2919011 composite?
False
Is 924586447 composite?
False
Is 26673673 prime?
False
Is 19562629 a prime number?
True
Is 8482667 a prime number?
False
Is 684197069 a composite number?
False
Is 8777533 prime?
True
Is 9032141 composite?
False
Is 39898007 composite?
True
Is 27977 a prime number?
False
Is 4215301 a composite number?
False
Is 15058061 composite?
False
Is 15643123 composite?
False
Is 16408583 a composite number?
False
Is 547044863 prime?
True
Is 3390353 a prime number?
False
Is 31389551 composite?
False
Is 85922861 prime?
False
Is 224689 a prime number?
False
Is 3697417409 a composite number?
True
Is 273528127 prime?
True
Is 494189533 a prime number?
True
Is 14362471 a composite number?
True
Is 903281 prime?
False
Is 1243429 a prime number?
False
Is 392368943 a prime number?
False
Is 9100597 a prime number?
False
Is 8379223 prime?
True
Is 68765903 prime?
False
Is 932663 composite?
False
Is 326566529 prime?
True
Is 1107383 a composite number?
False
Is 18636367 composite?
False
Is 37636421 a composite number?
False
Is 33297923 prime?
True
Is 4212913 a composite number?
True
Is 5504959 a prime number?
True
Is 5334682 prime?
False
Is 14290355 composite?
True
Is 125313241 prime?
False
Is 1370906 a composite number?
True
Is 42603965 composite?
True
Is 4370521 prime?
True
Is 838091 composite?
False
Is 503386243 composite?
True
Is 162877117 prime?
False
Is 6696281 prime?
True
Is 20029381 prime?
True
Is 24038753 prime?
True
Is 77602321 a prime number?
True
Is 1132768709 prime?
True
Is 1329049 prim